{"id":9,"date":"2025-03-07T06:40:24","date_gmt":"2025-03-07T06:40:24","guid":{"rendered":"https:\/\/suckhoetamly.com\/?page_id=9"},"modified":"2025-03-10T04:30:29","modified_gmt":"2025-03-10T04:30:29","slug":"chung-thuc","status":"publish","type":"page","link":"https:\/\/suckhoetamly.com\/?page_id=9","title":{"rendered":"Nh\u1eadn X\u00e9t\/Testimonials"},"content":{"rendered":"\n<blockquote class=\"wp-block-quote is-layout-flow wp-block-quote-is-layout-flow\">\n<blockquote class=\"wp-block-quote is-layout-flow wp-block-quote-is-layout-flow\">\n<p>\u200bB\u00e1c s\u0129 Krysti \u0111\u00e3 h\u01b0\u1edbng d\u1eabn t\u00f4i suy ngh\u0129 t\u00edch c\u1ef1c v\u00e0 t\u1eadp trung v\u00e0o nh\u1eefng \u0111i\u1ec1u t\u1ed1t \u0111\u1eb9p trong cu\u1ed9c s\u1ed1ng thay v\u00ec \u0111\u1eafm ch\u00ecm trong qu\u00e1 kh\u1ee9 \u0111au bu\u1ed3n. S\u1ef1 \u0111\u1ed9ng vi\u00ean, h\u1ed7 tr\u1ee3 v\u00e0 h\u01b0\u1edbng d\u1eabn c\u1ee7a c\u00f4 \u1ea5y \u0111\u00e3 gi\u00fap t\u00f4i v\u01b0\u1ee3t qua nh\u1eefng tr\u1edf ng\u1ea1i v\u00e0 \u0111\u1ecbnh h\u00ecnh l\u1ea1i h\u01b0\u1edbng \u0111i c\u1ee7a cu\u1ed9c \u0111\u1eddi m\u00ecnh. T\u00f4i r\u1ea5t khuy\u1ebfn ngh\u1ecb (reccomend) B\u00e1c s\u0129 Krysti cho b\u1ea5t k\u1ef3 ai \u0111ang t\u00ecm ki\u1ebfm m\u1ed9t B\u00e1c S\u0129 chuy\u00ean nghi\u1ec7p \u0111\u01b0\u1ee3c ch\u1ee9ng nh\u1eadn h\u00e0nh ngh\u1ec1 trong l\u00e3nh v\u1ef1c \u0111i\u1ec1u tr\u1ecb t\u00e2m l\u00fd. Chuy\u00ean m\u00f4n, kinh nghi\u1ec7m, ki\u1ebfn th\u1ee9c v\u00e0 t\u00ednh c\u00e1ch d\u1ec5 m\u1ebfn c\u1ee7a c\u00f4 \u1ea5y s\u1ebd kh\u00f4ng l\u00e0m b\u1ea1n th\u1ea5t v\u1ecdng.\u200b<\/p>\n\n\n\n<p class=\"has-text-color has-link-color wp-elements-9b1c8aa8d5e80970bae304d0142887d6\" style=\"color:#1208b7\"><strong>M. T. B\u00e1c s\u0129<\/strong> <strong>USA<\/strong> <\/p>\n<\/blockquote>\n<\/blockquote>\n\n\n\n<hr class=\"wp-block-separator has-alpha-channel-opacity\"\/>\n\n\n\n<p>B\u00e1c s\u0129 Krysti \u0111\u00e3 h\u01b0\u1edbng d\u1eabn t\u00f4i hi\u1ec3u r\u00f5 b\u1ea3n th\u00e2n h\u01a1n, khuy\u1ebfn kh\u00edch v\u00e0 gi\u00fap t\u00f4i c\u00f3 nh\u1eefng k\u1ef3 v\u1ecdng th\u1ef1c t\u1ebf, \u0111\u1ed3ng th\u1eddi hi\u1ec3u \u0111\u01b0\u1ee3c c\u00e1c quan \u0111i\u1ec3m kh\u00e1c nhau t\u1eeb ng\u01b0\u1eddi kh\u00e1c. C\u00f4 \u1ea5y \u0111\u00e3 khuy\u1ebfn kh\u00edch, \u0111\u1ed3ng h\u00e0nh v\u00e0 l\u00e0m vi\u1ec7c v\u1edbi t\u00f4i m\u1ed9t c\u00e1ch t\u00f4n tr\u1ecdng quan \u0111i\u1ec3m v\u00e0 ni\u1ec1m tin c\u1ee7a t\u00f4i v\u1ec1 \u0111\u1ee9c tin\/t\u00f4n gi\u00e1o. B\u00e1c s\u0129 Krysti \u0111\u00e3 gi\u00fap t\u00f4i \u0111\u1ec1 ra c\u00e1c h\u00e0nh \u0111\u1ed9ng c\u1ee5 th\u1ec3 \u0111\u1ec3 c\u1ea3i thi\u1ec7n b\u1ea3n th\u00e2n, v\u00e0 c\u00f4 \u1ea5y r\u1ea5t d\u1ec5 n\u00f3i chuy\u1ec7n c\u0169ng nh\u01b0 l\u00e0 m\u1ed9t ngu\u1ed3n h\u1ed7 tr\u1ee3 m\u1ea1nh m\u1ebd. C\u00f4 \u1ea5y \u0111\u00e3 \u1edf b\u00ean t\u00f4i khi t\u00f4i tr\u1ea3i qua nh\u1eefng th\u1eddi \u0111i\u1ec3m kh\u00f3 kh\u0103n trong cu\u1ed9c s\u1ed1ng. T\u00f4i \u0111\u00e3 ti\u1ebfn xa trong kho\u1ea3ng th\u1eddi gian l\u00e0m vi\u1ec7c v\u1edbi c\u00f4 \u1ea5y. T\u00f4i hi\u1ec3u r\u00f5 b\u1ea3n th\u00e2n h\u01a1n v\u00e0 c\u1ea3m th\u1ea5y h\u1ea1nh ph\u00fac, b\u00ecnh y\u00ean h\u01a1n. T\u00f4i tr\u1edf th\u00e0nh m\u1ed9t ng\u01b0\u1eddi t\u1ed1t h\u01a1n v\u00e0 c\u00f3 th\u00e1i \u0111\u1ed9 t\u00edch c\u1ef1c h\u01a1n trong cu\u1ed9c s\u1ed1ng.\u200b<\/p>\n\n\n\n<p class=\"has-text-color has-link-color wp-elements-f622a65f5ae8945e79d4137c9b3a5747\" style=\"color:#1b07e3\"><strong>V. N. B\u00e1c s\u0129<\/strong> <strong>USA <\/strong><\/p>\n\n\n\n<hr class=\"wp-block-separator has-alpha-channel-opacity\"\/>\n\n\n\n<p>B\u00e1c s\u0129 Krysti l\u00e0 m\u1ed9t chuy\u00ean gia s\u00e2u s\u1eafc quan t\u00e2m v\u00e0 \u0111\u1ea7y l\u00f2ng tr\u1eafc \u1ea9n. T\u00f4i \u0111\u00e3 t\u00ecm ki\u1ebfm m\u1ed9t nh\u00e0 t\u00e2m l\u00fd h\u1ecdc l\u00e2m s\u00e0ng c\u00f3 gi\u1ea5y ph\u00e9p h\u00e0nh ngh\u1ec1 trong l\u00e3nh v\u1ef1c \u0111i\u1ec1u tr\u1ecb t\u00e2m l\u00fd v\u00e0 r\u1ea5t vui m\u1eebng khi t\u00ecm th\u1ea5y b\u00e1c s\u0129 Krysti. C\u00f4 \u1ea5y \u0111\u00e3 gi\u00fap t\u00f4i v\u01b0\u1ee3t qua nhi\u1ec1u tr\u1edf ng\u1ea1i v\u00e0 d\u1eabn d\u1eaft m\u1ed7i bu\u1ed5i tr\u1ecb li\u1ec7u v\u1edbi s\u1ef1 duy\u00ean d\u00e1ng v\u00e0 m\u1ee5c \u0111\u00edch cao c\u1ea3. B\u00e1c s\u0129 Krysti r\u1ea5t g\u1ea7n g\u0169i v\u00e0 s\u1ebd \u0111i\u1ec1u tr\u1ecb b\u1ea1n theo tr\u00ecnh \u0111\u1ed9 c\u1ee7a b\u1ea1n v\u00e0 kh\u1ea3 n\u0103ng ti\u1ebfp thu c\u1ee7a b\u1ea1n. T\u00f4i bi\u1ebft \u01a1n th\u1eddi gian, s\u1ef1 h\u1ed7 tr\u1ee3 v\u00e0 kh\u00f4n ngoan c\u1ee7a c\u00f4 \u1ea5y.\u200b<\/p>\n\n\n\n<p class=\"has-text-color has-link-color wp-elements-301e7d725664f0400301d67c9e364aa3\" style=\"color:#0709e3\"><strong>A.K., Ki\u1ebfn Tr\u00fac<\/strong> <strong>S\u01b0<\/strong> <strong>Los Angeles, California<\/strong><\/p>\n\n\n\n<hr class=\"wp-block-separator has-alpha-channel-opacity\"\/>\n\n\n\n<p>Nh\u00ecn chung, k\u1ebft qu\u1ea3 t\u1eeb kh\u00f3a \u0111\u00e0o t\u1ea1o \u0111\u00e3 c\u00f3 t\u00e1c \u0111\u1ed9ng l\u1edbn \u0111\u1ebfn vai tr\u00f2 hi\u1ec7n t\u1ea1i c\u1ee7a t\u00f4i. K\u1ef9 n\u0103ng giao ti\u1ebfp c\u1ee7a t\u00f4i \u0111\u00e3 \u0111\u01b0\u1ee3c c\u1ea3i thi\u1ec7n khi t\u00f4i tr\u1edf th\u00e0nh m\u1ed9t l\u00e3nh \u0111\u1ea1o \u0111\u01b0\u1ee3c t\u00f4n tr\u1ecdng b\u1edfi t\u1ea5t c\u1ea3 c\u00e1c th\u00e0nh vi\u00ean trong \u0111\u1ed9i ng\u0169 li\u00ean ch\u1ee9c n\u0103ng. Chi\u1ebfn l\u01b0\u1ee3c c\u1ee7a t\u00f4i r\u00f5 r\u00e0ng v\u00e0 \u0111\u01b0\u1ee3c theo sau b\u1edfi m\u1ed9t k\u1ebf ho\u1ea1ch v\u00e0 tri\u1ec3n khai h\u01b0\u1edbng \u0111\u1ebfn k\u1ebft qu\u1ea3. T\u00f4i \u0111\u00e3 c\u00f3 th\u1ec3 gi\u1ea3i quy\u1ebft v\u00e0 c\u00e2n b\u1eb1ng c\u00e1c v\u1ea5n \u0111\u1ec1 c\u00f4ng vi\u1ec7c v\u00e0 gia \u0111\u00ecnh. T\u00f4i \u0111\u00e3 th\u1ea5y s\u1ef1 c\u1ea3i thi\u1ec7n trong nh\u1eefng \u0111i\u1ec3m y\u1ebfu v\u1ec1 l\u00e3nh \u0111\u1ea1o v\u00e0 t\u1ef1 tin h\u01a1n v\u00e0o \u0111i\u1ec3m m\u1ea1nh c\u1ee7a m\u00ecnh sau khi l\u00e0m vi\u1ec7c v\u1edbi Dr. Krysti. T\u00f4i xin c\u1ea3m \u01a1n Dr. Krysti v\u00ec m\u00f4 h\u00ecnh \u0111\u00e0o t\u1ea1o xu\u1ea5t s\u1eafc c\u1ee7a c\u00f4 \u1ea5y v\u00e0 v\u00ec \u0111\u00e3 l\u00e0 m\u1ed9t hu\u1ea5n luy\u1ec7n vi\u00ean l\u00e3nh \u0111\u1ea1o\/c\u1ed1 v\u1ea5n\/gi\u1ea3ng vi\u00ean c\u00f3 ki\u1ebfn th\u1ee9c s\u00e2u r\u1ed9ng. T\u00f4i r\u1ea5t khuy\u1ebfn ngh\u1ecb c\u00e1c d\u1ecbch v\u1ee5 n\u00e0y cho b\u1ea5t k\u1ef3 ai chu\u1ea9n b\u1ecb b\u01b0\u1edbc v\u00e0o vai tr\u00f2 qu\u1ea3n l\u00fd sau m\u1ed9t th\u1eddi gian l\u00e0m vi\u1ec7c trong l\u0129nh v\u1ef1c k\u1ef9 thu\u1eadt.\u200b<\/p>\n\n\n\n<p class=\"has-text-color has-link-color wp-elements-2d2e61245c2b695133dd5486e6a6d9d8\" style=\"color:#1307e3\"><strong>J. T. Gi\u00e1m \u0111\u1ed1c t\u1ea1i m\u1ed9t c\u00f4ng ty d\u01b0\u1ee3c ph\u1ea9m<\/strong><\/p>\n\n\n\n<hr class=\"wp-block-separator has-alpha-channel-opacity\"\/>\n\n\n\n<p>B\u00e0i \u0111\u00e1nh gi\u00e1 ngh\u1ec1 nghi\u1ec7p (Career Assessment) \u0111\u00e3 mang l\u1ea1i k\u1ebft qu\u1ea3 ch\u00ednh x\u00e1c \u0111\u00e1ng ng\u1ea1c nhi\u00ean v\u00e0 m\u1edf mang t\u1ea7m m\u1eaft. M\u1ed9t n\u1eeda k\u1ebft qu\u1ea3 t\u00f4i \u0111\u00e3 d\u1ef1 \u0111o\u00e1n \u0111\u01b0\u1ee3c do hi\u1ec3u r\u00f5 v\u1ec1 k\u1ef9 n\u0103ng v\u00e0 s\u1edf th\u00edch c\u1ee7a m\u00ecnh. Tuy nhi\u00ean, n\u1eeda c\u00f2n l\u1ea1i khi\u1ebfn t\u00f4i b\u1ea5t ng\u1edd v\u00ec t\u00f4i ch\u01b0a t\u1eebng nh\u1eadn ra ch\u00fang ph\u00f9 h\u1ee3p v\u1edbi k\u1ef9 n\u0103ng v\u00e0 s\u1edf th\u00edch c\u1ee7a m\u00ecnh. B\u00e0i \u0111\u00e1nh gi\u00e1 \u0111\u00e3 t\u1ecf ra r\u1ea5t h\u1eefu \u00edch khi t\u00f4i c\u1ed1 g\u1eafng \u0111\u1ecbnh h\u01b0\u1edbng theo \u0111u\u1ed5i m\u1ed9t s\u1ef1 nghi\u1ec7p m\u1edbi. T\u00f4i r\u1ea5t khuy\u1ebfn kh\u00edch ng\u01b0\u1eddi kh\u00e1c tham gia b\u00e0i \u0111\u00e1nh gi\u00e1 n\u00e0y v\u00ec n\u00f3 s\u1ebd xua tan s\u1ef1 m\u01a1 h\u1ed3 trong qu\u00e1 tr\u00ecnh suy ngh\u0129 v\u00e0 gi\u00fap b\u1ea1n \u0111\u1ecbnh h\u01b0\u1edbng b\u1ea3n th\u00e2n tr\u00ean con \u0111\u01b0\u1eddng \u0111\u00fang \u0111\u1eafn.\u200b<\/p>\n\n\n\n<p class=\"has-text-color has-link-color wp-elements-35fff262c1fb1d9993c8c555286f834c\" style=\"color:#0711e3\"><strong>J. M. chuy\u00ean gia c\u00f4ng ngh\u1ec7, San Jose, California<\/strong><\/p>\n\n\n\n<hr class=\"wp-block-separator has-alpha-channel-opacity\"\/>\n\n\n\n<p>\u200b&#8221;M\u1ed9t trong nh\u1eefng \u0111i\u1ec1u quan tr\u1ecdng v\u00e0 t\u1ed1t \u0111\u1eb9p nh\u1ea5t trong cu\u1ed9c \u0111\u1eddi t\u00f4i l\u00e0 g\u1ecdi \u0111i\u1ec7n v\u00e0 g\u1eb7p b\u00e1c s\u0129 Krysti \u0111\u1ec3 \u0111\u01b0\u1ee3c c\u1ed1 v\u1ea5n v\u1ec1 h\u00f4n nh\u00e2n c\u1ee7a t\u00f4i&#8230;&#8221;\u200b<\/p>\n\n\n\n<p class=\"has-text-color has-link-color wp-elements-55b6d3ee7ccf15477d2bc70ad8bf09e9\" style=\"color:#4007e3\"><strong>P.D. K\u1ef9 S\u01b0<\/strong>, <strong>New Port Beach, California<\/strong><\/p>\n\n\n\n<hr class=\"wp-block-separator has-alpha-channel-opacity\"\/>\n\n\n\n<p>&#8220;B\u00e1c s\u0129 Krysti \u0111\u01b0\u1ee3c bi\u1ebft \u0111\u1ebfn v\u1edbi kh\u1ea3 n\u0103ng h\u1ee3p t\u00e1c trong m\u00f4i tr\u01b0\u1eddng l\u00e0m vi\u1ec7c \u0111a ch\u1ee9c n\u0103ng v\u00e0 n\u00e2ng t\u1ea7m c\u00e1c \u00fd t\u01b0\u1edfng ban \u0111\u1ea7u th\u00e0nh c\u00e1c gi\u1ea3i ph\u00e1p hu\u1ea5n luy\u1ec7n v\u00e0 h\u1ecdc t\u1eadp kh\u1ea3 thi. C\u00f4 \u1ea5y h\u01b0\u1edbng \u0111\u1ebfn k\u1ebft qu\u1ea3 v\u00e0 s\u1edf h\u1eefu s\u1ef1 hi\u1ec3u bi\u1ebft l\u00fd thuy\u1ebft v\u1eefng ch\u1eafc c\u00f9ng kh\u1ea3 n\u0103ng \u1ee9ng d\u1ee5ng t\u1ed1i \u0111a (human potential). L\u00e0 m\u1ed9t nh\u00e0 l\u00e3nh \u0111\u1ea1o c\u00f3 kinh nghi\u1ec7m ph\u00e1t tri\u1ec3n t\u00e0i n\u0103ng trong c\u00e1c m\u00f4i tr\u01b0\u1eddng \u0111a v\u0103n h\u00f3a, B\u00e1c s\u0129 Krysti t\u00ecm ra nh\u1eefng ph\u01b0\u01a1ng ph\u00e1p c\u1ea3i ti\u1ebfn s\u00e1ng t\u1ea1o nh\u01b0ng v\u1eabn duy tr\u00ec m\u1ed1i quan h\u1ec7 c\u00e1 nh\u00e2n ch\u00e2n th\u00e0nh v\u1edbi nh\u1eefng ng\u01b0\u1eddi c\u00f4 g\u1eb7p.&#8221;\u200b<\/p>\n\n\n\n<p class=\"has-text-color has-link-color wp-elements-88fb6580f1b0bfc282359183eb018cf1\" style=\"color:#0709e3\"><strong>S. H. Ti\u1ebfn s\u0129<\/strong> <strong>Minneapolis, Minnesota<\/strong><\/p>\n\n\n\n<hr class=\"wp-block-separator has-alpha-channel-opacity\"\/>\n\n\n\n<p>T\u00f4i r\u1ea5t bi\u1ebft \u01a1n s\u1ef1 h\u1ed7 tr\u1ee3 v\u00e0 h\u01b0\u1edbng d\u1eabn c\u1ee7a B\u00e1c s\u0129 Krysti, ng\u01b0\u1eddi \u0111\u00e3 gi\u00fap t\u00f4i x\u1eed l\u00fd th\u00f4ng tin m\u1ed9t c\u00e1ch c\u1edfi m\u1edf v\u00e0 trong m\u1ed9t m\u00f4i tr\u01b0\u1eddng an to\u00e0n. M\u1eb7c d\u00f9 c\u00f3 l\u00fac t\u00f4i \u0111\u00e3 chuy\u1ec3n nh\u1eefng v\u1ea5n \u0111\u1ec1 c\u1ee7a m\u00ecnh l\u00ean c\u00f4 \u1ea5y, nh\u01b0ng c\u00f4 \u1ea5y v\u1eabn b\u00ecnh t\u0129nh v\u00e0 \u0111i\u1ec1m \u0111\u1ea1m trong vi\u1ec7c h\u01b0\u1edbng d\u1eabn t\u00f4i tr\u1edf l\u1ea1i ch\u1ee7 \u0111\u1ec1 ch\u00ednh. C\u00f4 \u1ea5y ki\u00ean nh\u1eabn v\u00e0 b\u00ecnh t\u0129nh trong vi\u1ec7c \u0111\u01b0a t\u00f4i tr\u1edf l\u1ea1i m\u1ee5c ti\u00eau c\u1ee7a bu\u1ed5i tr\u1ecb li\u1ec7u. T\u1eeb s\u1ef1 h\u01b0\u1edbng d\u1eabn c\u1ee7a c\u00f4 \u1ea5y, t\u00f4i \u0111\u00e3 h\u1ecdc c\u00e1ch l\u00e0m d\u1ecbu c\u1ea3m x\u00fac c\u1ee7a m\u00ecnh b\u1eb1ng c\u00e1c ph\u01b0\u01a1ng ph\u00e1p t\u1ef1 an \u1ee7i nh\u01b0 h\u00edt th\u1edf, th\u1ef1c hi\u1ec7n c\u00e1c b\u00e0i t\u1eadp trong bu\u1ed5i tr\u1ecb li\u1ec7u v\u00e0 vi\u1ebft nh\u1eadt k\u00fd. T\u1eeb s\u1ef1 \u0111\u1ed3ng h\u00e0nh c\u1ee7a c\u00f4 \u1ea5y, t\u00f4i c\u0169ng \u0111\u1ea1t \u0111\u01b0\u1ee3c m\u1ed9t g\u00f3c nh\u00ecn c\u00e2n b\u1eb1ng h\u01a1n v\u1ec1 con ng\u01b0\u1eddi b\u1eb1ng c\u00e1ch c\u00f3 nh\u1eefng k\u1ef3 v\u1ecdng th\u1ef1c t\u1ebf v\u1ec1 h\u1ecd. T\u00f4i qu\u00e1 l\u00fd t\u01b0\u1edfng h\u00f3a trong c\u00e1ch nh\u00ecn v\u1ec1 th\u1ebf gi\u1edbi v\u00e0 con ng\u01b0\u1eddi, \u0111i\u1ec1u n\u00e0y khi\u1ebfn t\u00f4i nu\u00f4i d\u01b0\u1ee1ng s\u1ef1 o\u00e1n gi\u1eadn khi nh\u1eefng k\u1ef3 v\u1ecdng kh\u00f4ng \u0111\u01b0\u1ee3c \u0111\u00e1p \u1ee9ng (\u0111i\u1ec1u \u0111\u00f3 x\u1ea3y ra h\u1ea7u nh\u01b0 m\u1ed7i ng\u00e0y v\u00e0 v\u1edbi m\u1ecdi ng\u01b0\u1eddi, bao g\u1ed3m c\u1ea3 b\u1ea3n th\u00e2n t\u00f4i). C\u00f4 \u1ea5y \u0111\u00e3 l\u00e0 m\u1ed9t ng\u01b0\u1eddi \u1ee7ng h\u1ed9 h\u1eefu \u00edch cho \u0111\u1eddi s\u1ed1ng t\u00f4n gi\u00e1o k\u1ec3 t\u1eeb khi c\u00f4 \u1ea5y \u0111\u1ed3ng \u00fd gi\u00fap \u0111\u1ee1 v\u00ec t\u00f4i \u0111ang ph\u00e2n \u0111\u1ecbnh v\u00e0 nghi\u00eam t\u00fac l\u00e0m vi\u1ec7c s\u1eeda \u0111\u1ed5i b\u1ea3n th\u00e2n tr\u01b0\u1edbc khi v\u00e0o tu vi\u1ec7n. \u0110\u1ee9c tin c\u1ee7a c\u00f4 \u1ea5y \u0111\u00e3 gi\u00fap t\u00f4i quay tr\u1edf l\u1ea1i v\u1edbi Ch\u00faa, v\u00e0 t\u00f4i \u0111\u00e3 h\u1ecdc \u0111\u01b0\u1ee3c c\u00e1ch x\u1eed l\u00fd s\u1ef1 h\u1ed7n lo\u1ea1n n\u00e0y v\u1edbi Ch\u00faa v\u00e0 kh\u00f4ng tr\u1ed1n tr\u00e1nh Ng\u00e0i v\u00ec x\u1ea5u h\u1ed5. T\u00f4i \u0111\u00e3 h\u1ecdc \u0111\u01b0\u1ee3c r\u1eb1ng t\u00f4i m\u1ea1nh m\u1ebd h\u01a1n t\u00f4i ngh\u0129 v\u00e0 r\u1eb1ng ch\u1eafc ch\u1eafn c\u00f3 \u00edt \u0111i\u1ec1u ti\u00eau c\u1ef1c h\u01a1n t\u00f4i ngh\u0129 trong th\u1ebf gi\u1edbi n\u00e0y. C\u1ea3m \u01a1n B\u00e1c s\u0129 Krysti.\u200b<\/p>\n\n\n\n<p class=\"has-text-color has-link-color wp-elements-8a6dafec74072281a54f42c1d35e2231\" style=\"color:#0709e3\"><strong>S.T. (Chuy\u00ean gia ch\u0103m s\u00f3c s\u1ee9c kh\u1ecfe<\/strong> <strong>t\u1ea1i b\u1ec7nh vi\u1ec7n)<\/strong> <strong>Orange County, CA<\/strong><\/p>\n\n\n\n<hr class=\"wp-block-separator has-alpha-channel-opacity\"\/>\n\n\n\n<p><\/p>\n","protected":false},"excerpt":{"rendered":"<p>B\u00e1c s\u0129 Krysti \u0111\u00e3 h\u01b0\u1edbng d\u1eabn t\u00f4i hi\u1ec3u r\u00f5 b\u1ea3n th\u00e2n h\u01a1n, khuy\u1ebfn kh\u00edch v\u00e0 gi\u00fap t\u00f4i c\u00f3 nh\u1eefng k\u1ef3 v\u1ecdng th\u1ef1c t\u1ebf, \u0111\u1ed3ng th\u1eddi hi\u1ec3u \u0111\u01b0\u1ee3c c\u00e1c quan \u0111i\u1ec3m kh\u00e1c nhau t\u1eeb ng\u01b0\u1eddi kh\u00e1c. C\u00f4 \u1ea5y \u0111\u00e3 khuy\u1ebfn kh\u00edch, \u0111\u1ed3ng h\u00e0nh v\u00e0 l\u00e0m vi\u1ec7c v\u1edbi t\u00f4i m\u1ed9t c\u00e1ch t\u00f4n tr\u1ecdng quan \u0111i\u1ec3m v\u00e0 ni\u1ec1m [&hellip;]<\/p>\n","protected":false},"author":1,"featured_media":0,"parent":0,"menu_order":0,"comment_status":"closed","ping_status":"closed","template":"","meta":{"footnotes":""},"class_list":["post-9","page","type-page","status-publish","hentry"],"_links":{"self":[{"href":"https:\/\/suckhoetamly.com\/index.php?rest_route=\/wp\/v2\/pages\/9","targetHints":{"allow":["GET"]}}],"collection":[{"href":"https:\/\/suckhoetamly.com\/index.php?rest_route=\/wp\/v2\/pages"}],"about":[{"href":"https:\/\/suckhoetamly.com\/index.php?rest_route=\/wp\/v2\/types\/page"}],"author":[{"embeddable":true,"href":"https:\/\/suckhoetamly.com\/index.php?rest_route=\/wp\/v2\/users\/1"}],"replies":[{"embeddable":true,"href":"https:\/\/suckhoetamly.com\/index.php?rest_route=%2Fwp%2Fv2%2Fcomments&post=9"}],"version-history":[{"count":23,"href":"https:\/\/suckhoetamly.com\/index.php?rest_route=\/wp\/v2\/pages\/9\/revisions"}],"predecessor-version":[{"id":285,"href":"https:\/\/suckhoetamly.com\/index.php?rest_route=\/wp\/v2\/pages\/9\/revisions\/285"}],"wp:attachment":[{"href":"https:\/\/suckhoetamly.com\/index.php?rest_route=%2Fwp%2Fv2%2Fmedia&parent=9"}],"curies":[{"name":"wp","href":"https:\/\/api.w.org\/{rel}","templated":true}]}}